{"id":104,"date":"2024-09-05T08:25:39","date_gmt":"2024-09-05T08:25:39","guid":{"rendered":"https:\/\/proactivity.skydoo.com.pl\/?page_id=104"},"modified":"2024-09-05T14:28:06","modified_gmt":"2024-09-05T14:28:06","slug":"o-firmie","status":"publish","type":"page","link":"https:\/\/proactivity.skydoo.com.pl\/?page_id=104","title":{"rendered":"O firmie"},"content":{"rendered":"\t\t<div data-elementor-type=\"wp-page\" data-elementor-id=\"104\" class=\"elementor elementor-104\" data-elementor-post-type=\"page\">\n\t\t\t\t<div class=\"elementor-element elementor-element-5627a64 e-con-full e-flex e-con e-parent\" data-id=\"5627a64\" data-element_type=\"container\">\n\t\t<div class=\"elementor-element elementor-element-2a2c25f e-con-full e-flex e-con e-child\" data-id=\"2a2c25f\" data-element_type=\"container\">\n\t\t<div class=\"elementor-element elementor-element-8d5ad87 e-con-full e-flex e-con e-child\" data-id=\"8d5ad87\" data-element_type=\"container\">\n\t\t\t\t<div class=\"elementor-element elementor-element-87fd53e elementor-widget elementor-widget-heading\" data-id=\"87fd53e\" data-element_type=\"widget\" data-widget_type=\"heading.default\">\n\t\t\t\t<div class=\"elementor-widget-container\">\n\t\t\t\t\t<h1 class=\"elementor-heading-title elementor-size-default\">Czym zajmuje si\u0119  <br>\n<span style=\"color: #2194F3\">nasza firma?<\/span><\/h1>\t\t\t\t<\/div>\n\t\t\t\t<\/div>\n\t\t\t\t<div class=\"elementor-element elementor-element-a0180c2 elementor-widget elementor-widget-text-editor\" data-id=\"a0180c2\" data-element_type=\"widget\" data-widget_type=\"text-editor.default\">\n\t\t\t\t<div class=\"elementor-widget-container\">\n\t\t\t\t\t\t\t\t\t<p>Biuro rachunkowe to firma, kt\u00f3ra specjalizuje si\u0119 w prowadzeniu ksi\u0119gowo\u015bci dla innych firm. Zajmuje si\u0119 ona przygotowywaniem dokument\u00f3w finansowych, rozliczaniem podatk\u00f3w i sk\u0142adaniem deklaracji. Dzi\u0119ki wsp\u00f3\u0142pracy z biurem rachunkowym, przedsi\u0119biorcy mog\u0105 skupi\u0107 si\u0119 na prowadzeniu swojej dzia\u0142alno\u015bci, a jednocze\u015bnie mie\u0107 pewno\u015b\u0107, \u017ce ich sprawy finansowe s\u0105 w profesjonalnych r\u0119kach. Biuro rachunkowe \u015bwiadczy r\u00f3wnie\u017c us\u0142ugi doradcze, pomagaj\u0105c w optymalizacji koszt\u00f3w i maksymalizacji zysk\u00f3w. To nie tylko oszcz\u0119dno\u015b\u0107 czasu, ale tak\u017ce gwarancja skutecznego i zgodnego z prawem prowadzenia ksi\u0119gowo\u015bci. Dzi\u0119ki temu wsp\u00f3\u0142praca z biurem rachunkowym staje si\u0119 niezb\u0119dnym elementem funkcjonowania ka\u017cdej firmy.<\/p>\t\t\t\t\t\t\t\t<\/div>\n\t\t\t\t<\/div>\n\t\t\t\t<div class=\"elementor-element elementor-element-12862a4 elementor-widget elementor-widget-button\" data-id=\"12862a4\" data-element_type=\"widget\" data-widget_type=\"button.default\">\n\t\t\t\t<div class=\"elementor-widget-container\">\n\t\t\t\t\t\t\t\t\t<div class=\"elementor-button-wrapper\">\n\t\t\t\t\t<a class=\"elementor-button elementor-button-link elementor-size-sm\" href=\"#\">\n\t\t\t\t\t\t<span class=\"elementor-button-content-wrapper\">\n\t\t\t\t\t\t\t\t\t<span class=\"elementor-button-text\">Oferta<\/span>\n\t\t\t\t\t<\/span>\n\t\t\t\t\t<\/a>\n\t\t\t\t<\/div>\n\t\t\t\t\t\t\t\t<\/div>\n\t\t\t\t<\/div>\n\t\t\t\t<\/div>\n\t\t\t\t<\/div>\n\t\t<div class=\"elementor-element elementor-element-ef92632 e-con-full e-flex e-con e-child\" data-id=\"ef92632\" data-element_type=\"container\">\n\t\t\t\t<div class=\"elementor-element elementor-element-3f69e0a elementor-widget elementor-widget-image\" data-id=\"3f69e0a\" data-element_type=\"widget\" data-widget_type=\"image.default\">\n\t\t\t\t<div class=\"elementor-widget-container\">\n\t\t\t\t\t\t\t\t\t\t\t\t\t\t\t<img fetchpriority=\"high\" decoding=\"async\" width=\"800\" height=\"913\" src=\"https:\/\/proactivity.skydoo.com.pl\/wp-content\/uploads\/2024\/09\/Frame-2242.png\" class=\"attachment-large size-large wp-image-106\" alt=\"\" srcset=\"https:\/\/proactivity.skydoo.com.pl\/wp-content\/uploads\/2024\/09\/Frame-2242.png 832w, https:\/\/proactivity.skydoo.com.pl\/wp-content\/uploads\/2024\/09\/Frame-2242-263x300.png 263w, https:\/\/proactivity.skydoo.com.pl\/wp-content\/uploads\/2024\/09\/Frame-2242-768x877.png 768w\" sizes=\"(max-width: 800px) 100vw, 800px\" \/>\t\t\t\t\t\t\t\t\t\t\t\t\t\t\t<\/div>\n\t\t\t\t<\/div>\n\t\t\t\t<\/div>\n\t\t\t\t<\/div>\n\t\t<div class=\"elementor-element elementor-element-2c1fc32 e-con-full e-flex e-con e-parent\" data-id=\"2c1fc32\" data-element_type=\"container\">\n\t\t<div class=\"elementor-element elementor-element-8cff19c e-con-full e-flex e-con e-child\" data-id=\"8cff19c\" data-element_type=\"container\">\n\t\t\t\t<div class=\"elementor-element elementor-element-2924316 elementor-widget elementor-widget-image\" data-id=\"2924316\" data-element_type=\"widget\" data-widget_type=\"image.default\">\n\t\t\t\t<div class=\"elementor-widget-container\">\n\t\t\t\t\t\t\t\t\t\t\t\t\t\t\t<img decoding=\"async\" width=\"800\" height=\"908\" src=\"https:\/\/proactivity.skydoo.com.pl\/wp-content\/uploads\/2024\/09\/Frame-2242-1.png\" class=\"attachment-large size-large wp-image-113\" alt=\"\" srcset=\"https:\/\/proactivity.skydoo.com.pl\/wp-content\/uploads\/2024\/09\/Frame-2242-1.png 835w, https:\/\/proactivity.skydoo.com.pl\/wp-content\/uploads\/2024\/09\/Frame-2242-1-264x300.png 264w, https:\/\/proactivity.skydoo.com.pl\/wp-content\/uploads\/2024\/09\/Frame-2242-1-768x872.png 768w\" sizes=\"(max-width: 800px) 100vw, 800px\" \/>\t\t\t\t\t\t\t\t\t\t\t\t\t\t\t<\/div>\n\t\t\t\t<\/div>\n\t\t\t\t<\/div>\n\t\t<div class=\"elementor-element elementor-element-65d4cf2 e-con-full e-flex e-con e-child\" data-id=\"65d4cf2\" data-element_type=\"container\">\n\t\t<div class=\"elementor-element elementor-element-16b326b e-con-full e-flex e-con e-child\" data-id=\"16b326b\" data-element_type=\"container\">\n\t\t\t\t<div class=\"elementor-element elementor-element-322b688 elementor-widget elementor-widget-heading\" data-id=\"322b688\" data-element_type=\"widget\" data-widget_type=\"heading.default\">\n\t\t\t\t<div class=\"elementor-widget-container\">\n\t\t\t\t\t<h1 class=\"elementor-heading-title elementor-size-default\">Historia\n<span style=\"color: #2194F3\">firmy<\/span><\/h1>\t\t\t\t<\/div>\n\t\t\t\t<\/div>\n\t\t\t\t<div class=\"elementor-element elementor-element-7eb4d8b elementor-widget elementor-widget-text-editor\" data-id=\"7eb4d8b\" data-element_type=\"widget\" data-widget_type=\"text-editor.default\">\n\t\t\t\t<div class=\"elementor-widget-container\">\n\t\t\t\t\t\t\t\t\t<p>Lorem ipsum dolor sit amet, consectetur adipiscing elit. In non sem fringilla, fermentum ligula eget, suscipit ipsum. Integer ut vehicula ex, scelerisque egestas magna. Aliquam turpis augue, sagittis et ligula at, convallis varius erat. Morbi ut ipsum a dolor gravida rutrum sit amet quis odio. In ultrices magna vel eleifend accumsan. Sed tempor massa nec mauris convallis, ut elementum ligula dictum. Sed rutrum blandit nunc, in porta risus egestas nec. Sed massa justo, finibus eu rutrum sit amet, pharetra sed quam. Sed auctor molestie mauris in pulvinar. Nunc ac nibh porta, tincidunt eros a, lacinia turpis. Nullam vitae nisi ut justo tristique placerat vitae et augue. Etiam a velit sed est dapibus ultricies. Curabitur facilisis ante et magna efficitur tincidunt.<br \/>Integer sit amet tortor tincidunt, eleifend elit dapibus, scelerisque est. Etiam ullamcorper neque quam. Fusce non porta enim, a scelerisque nibh. Cras at augue sem. Aenean et ex tincidunt, tincidunt neque eu, tristique dolor. Pellentesque in enim quis erat posuere fringilla ut non enim. Proin enim velit, egestas non auctor vitae, lobortis in augue. Nullam purus mi, tincidunt malesuada diam vel, aliquam viverra leo. Curabitur lacinia eros ut ligula molestie, vel lobortis nulla tincidunt. Donec purus lacus, consequat vestibulum malesuada quis, mollis vel elit. Vestibulum a varius ipsum. Proin at fringilla enim. Cras sed cursus massa. Vestibulum neque elit, hendrerit at fermentum sit amet, laoreet ac libero. Praesent dui odio, varius accumsan efficitur sit amet, cursus nec velit.<\/p>\t\t\t\t\t\t\t\t<\/div>\n\t\t\t\t<\/div>\n\t\t\t\t<div class=\"elementor-element elementor-element-122ba8b elementor-widget elementor-widget-button\" data-id=\"122ba8b\" data-element_type=\"widget\" data-widget_type=\"button.default\">\n\t\t\t\t<div class=\"elementor-widget-container\">\n\t\t\t\t\t\t\t\t\t<div class=\"elementor-button-wrapper\">\n\t\t\t\t\t<a class=\"elementor-button elementor-button-link elementor-size-sm\" href=\"#\">\n\t\t\t\t\t\t<span class=\"elementor-button-content-wrapper\">\n\t\t\t\t\t\t\t\t\t<span class=\"elementor-button-text\">Oferta<\/span>\n\t\t\t\t\t<\/span>\n\t\t\t\t\t<\/a>\n\t\t\t\t<\/div>\n\t\t\t\t\t\t\t\t<\/div>\n\t\t\t\t<\/div>\n\t\t\t\t<\/div>\n\t\t\t\t<\/div>\n\t\t\t\t<\/div>\n\t\t\t\t<\/div>\n\t\t","protected":false},"excerpt":{"rendered":"<p>Czym zajmuje si\u0119 nasza firma? Biuro rachunkowe to firma, kt\u00f3ra specjalizuje si\u0119 w prowadzeniu ksi\u0119gowo\u015bci dla innych firm. Zajmuje si\u0119 ona przygotowywaniem dokument\u00f3w finansowych, rozliczaniem podatk\u00f3w i sk\u0142adaniem deklaracji. Dzi\u0119ki wsp\u00f3\u0142pracy z biurem rachunkowym, przedsi\u0119biorcy mog\u0105 skupi\u0107 si\u0119 na prowadzeniu swojej dzia\u0142alno\u015bci, a jednocze\u015bnie mie\u0107 pewno\u015b\u0107, \u017ce ich sprawy finansowe s\u0105 w profesjonalnych r\u0119kach. Biuro [&hellip;]<\/p>\n","protected":false},"author":1,"featured_media":0,"parent":0,"menu_order":0,"comment_status":"closed","ping_status":"closed","template":"elementor_header_footer","meta":{"inline_featured_image":false,"footnotes":""},"class_list":["post-104","page","type-page","status-publish","hentry"],"_links":{"self":[{"href":"https:\/\/proactivity.skydoo.com.pl\/index.php?rest_route=\/wp\/v2\/pages\/104","targetHints":{"allow":["GET"]}}],"collection":[{"href":"https:\/\/proactivity.skydoo.com.pl\/index.php?rest_route=\/wp\/v2\/pages"}],"about":[{"href":"https:\/\/proactivity.skydoo.com.pl\/index.php?rest_route=\/wp\/v2\/types\/page"}],"author":[{"embeddable":true,"href":"https:\/\/proactivity.skydoo.com.pl\/index.php?rest_route=\/wp\/v2\/users\/1"}],"replies":[{"embeddable":true,"href":"https:\/\/proactivity.skydoo.com.pl\/index.php?rest_route=%2Fwp%2Fv2%2Fcomments&post=104"}],"version-history":[{"count":19,"href":"https:\/\/proactivity.skydoo.com.pl\/index.php?rest_route=\/wp\/v2\/pages\/104\/revisions"}],"predecessor-version":[{"id":244,"href":"https:\/\/proactivity.skydoo.com.pl\/index.php?rest_route=\/wp\/v2\/pages\/104\/revisions\/244"}],"wp:attachment":[{"href":"https:\/\/proactivity.skydoo.com.pl\/index.php?rest_route=%2Fwp%2Fv2%2Fmedia&parent=104"}],"curies":[{"name":"wp","href":"https:\/\/api.w.org\/{rel}","templated":true}]}}